2333?
-22726
In base 15, what is -721099 - d?
-7210a7
In base 13, what is -12ba07b + 0?
-12ba07b
In base 7, what is -12 - 206316233?
-206316245
In base 13, what is 17b62 - -182?
18014
In base 4, what is -2 + -10312011003230?
-10312011003232
In base 11, what is -4 + 3174100?
31740a7
In base 3, what is -1210222000020012 + -2?
-1210222000020021
In base 11, what is 113943845 + 5?
11394384a
In base 12, what is 1a2aa12a - 14?
1a2aa116
In base 13, what is 6b - 29c7?
-2959
In base 14, what is -a0 - -2912d?
2906d
In base 10, what is -2 - -990011?
990009
In base 8, what is -4403 + -37541?
-44144
In base 11, what is -8381 + -2681?
-aa52
In base 7, what is -443221420 - -2?
-443221415
In base 6, what is 1302434334 + -2?
1302434332
In base 8, what is 564375 - 601?
563574
In base 10, what is 331950096 - -4?
331950100
In base 9, what is 173 - 42128?
-41845
In base 8, what is -64220071 - 1?
-64220072
In base 8, what is 301650 - -764?
302634
In base 11, what is -11016 + -22?
-11038
In base 9, what is -125817 + -26?
-125844
In base 14, what is -4 - 3685a4?
-3685a8
In base 13, what is 41957 - 4?
41953
In base 5, what is -1024 - 244224?
-300303
In base 4, what is 2 + -2103032331?
-2103032323
In base 3, what is 1012000211222102221 + 10?
1012000211222110001
In base 15, what is bc64 - 454?
b810
In base 14, what is -6 - c62725?
-c6272b
In base 12, what is 80 - 11b2a?
-11a6a
In base 16, what is -dac + -31cd?
-3f79
In base 4, what is 1002323012 - 222?
1002322130
In base 16, what is 77d69 + -156?
77c13
In base 7, what is -501530 - -3121?
-465406
In base 4, what is -2121133 - 13231?
-2201030
In base 6, what is -40 + 333132145?
333132105
In base 8, what is 14 + 233634?
233650
In base 8, what is -513523 + 112?
-513411
In base 12, what is 3115 + 1010?
4125
In base 14, what is 4 - -b9bab97?
b9bab9b
In base 2, what is 11000010010 + -10010000010100101?
-10001101010010011
In base 12, what is 22369 + -12?
22357
In base 2, what is -10010010001001 + -11010010011?
-10101100011100
In base 16, what is -40 + 2d428?
2d3e8
In base 13, what is 4462c01a - -5?
4462c022
In base 13, what is 24c8349 + a?
24c8356
In base 3, what is -2111210002 + -1102120?
-2120012122
In base 16, what is -398 + 1edaf?
1ea17
In base 14, what is 7 + -698d10?
-698d07
In base 4, what is -111131 - 212310333?
-213022130
In base 9, what is 2 + -2000480?
-2000477
In base 9, what is -10776016 + -17?
-10776034
In base 5, what is 3333140321 - 0?
3333140321
In base 3, what is -20110121220 + -10120012?
-20121012002
In base 10, what is -23395 - 4903?
-28298
In base 8, what is -2 + 242645705?
242645703
In base 11, what is -12264 - 135?
-12399
In base 12, what is 8a68433 + 3?
8a68436
In base 14, what is -2d99095 + 1?
-2d99094
In base 3, what is 22212212011212102 + -2?
22212212011212100
In base 5, what is -324244001 - -1014?
-324242432
In base 5, what is -33123 - 4330?
-43003
In base 5, what is -2020423 - -3410?
-2012013
In base 12, what is 2477347a + 2?
24773480
In base 3, what is -21111221 - -202100020?
110211022
In base 10, what is -12220242 - 0?
-12220242
In base 9, what is -3255 + 8313?
5047
In base 13, what is -274c + 17104?
14685
In base 12, what is 9567 + 29b7?
10362
In base 13, what is -10420 + -bb?
-1050b
In base 13, what is -10 - -14c0b19?
14c0b09
In base 3, what is -20200 + 20111222221120?
20111222200220
In base 10, what is -32863 - -116?
-32747
In base 13, what is -3049b - -102?
-30399
In base 3, what is -1211111200122220122 + 1?
-1211111200122220121
In base 9, what is -42 - -2038843?
2038801
In base 12, what is 221475 + -884?
2207b1
In base 11, what is -4 - 41059680?
-41059684
In base 2, what is -100 + 10011110010000010000110111?
10011110010000010000110011
In base 4, what is 1203221 + 10121?
1220002
In base 6, what is 33112422 - -303?
33113125
In base 6, what is 2130 - 4145124?
-4142554
In base 14, what is 6 - -db5311?
db5317
In base 6, what is -32051534144 - -3?
-32051534141
In base 12, what is -80986b7 + 6?
-80986b1
In base 9, what is 68258 + 66?
68335
In base 10, what is -355 + 733095?
732740
In base 8, what is -45402251 - 120?
-45402371
In base 15, what is -76760 - 0?
-76760
In base 7, what is 244 + 4533660?
4534234
In base 14, what is 607097 - -2?
607099
In base 6, what is -13435400442 + 0?
-13435400442
In base 4, what is -213 + 1200220321?
1200220102
In base 2, what is 1101011 + -1100001101010110100?
-1100001101001001001
In base 3, what is -111120 - -110120101010?
110112212120
In base 8, what is -111354372 - 4?
-111354376
In base 9, what is 1614687 + 6?
1614704
In base 5, what is -20103321414 - -43?
-20103321321
In base 16, what is -87 - 678e?
-6815
In base 4, what is -20 + 12330112303200?
12330112303120
In base 15, what is -2c94 + 40d?
-2886
In base 5, what is -134 + 12201343?
12201204
In base 16, what is -7c - -a0bfb?
a0b7f
In base 9, what is -1008824 - 366?
-1010301
In base 6, what is 5 + -1001232133?
-1001232124
In base 11, what is -2 - 8805389?
-8805390
In base 13, what is -843b5c - -5?
-843b57
In base 6, what is 23344 - 323420?
-300032
In base 2, what is -1 + 11001110100111100001010101100?
11001110100111100001010101011
In base 4, what is -10 + -232112010?
-232112020
In base 6, what is -51 + 35443521?
35443430
In base 7, what is 256140325 - 2?
256140323
In base 3, what is -11012212 + -210010?
-11222222
In base 16, what is 1a59 + -aa6?
fb3
In base 6, what is 2042 + 14524213?
14530255
In base 8, what is 212 - 14070?
-13656
In base 8, what is 501667444 - -6?
501667452
In base 9, what is -1 + -167353160?
-167353161
In base 13, what is -68 - -a4b48?
a4ab0
In base 10, what is -990 - 120725?
-121715
In base 15, what is -ac1b8 - e?
-ac1c7
In base 14, what is -447 - -1dad?
1966
In base 5, what is -11 + -30044311402?
-30044311413
In base 13, what is 2921515 + -4?
2921511
In base 5, what is 10104104 - 144221?
4404333
In base 10, what is -18579066 + 1?
-18579065
In base 12, what is -a55904 - -2?
-a55902
In base 4, what is 231102312301 + -2?
231102312233
In base 8, what is 5 + 332047736?
332047743
In base 12, what is 1279 + 2427?
36a4
In base 10, what is -14156 + -1187?
-15343
In base 3, what is 100111112100 - -11?
100111112111
In base 6, what is -2 + -133504441?
-133504443
In base 10, what is 325 + 8816?
9141
In base 8, what is 244504 - 161?
244323
In base 14, what is 9bd - -6704?
72c3
In base 15, what is 4 + c89428?
c8942c
In base 8, what is 233 - -3015775?
3016230
In base 4, what is -330102333003 + -2?
-330102333011
In base 11, what is -143918695 + -1?
-143918696
In base 6, what is -10314331 + -41?
-10314412
In base 14, what is 141 - -6887a?
689bb
In base 16, what is -56f5980 - 5?
-56f5985
In base 14, what is -47922a32 - -2?
-47922a30
In base 3, what is -120202201 - -22002201?
-21200000
In base 3, what is 1002 - -1002001001021?
1002001002100
In base 10, what is 250989 + -5?
250984
In base 6, what is -5125342512 + -2?
-5125342514
In base 2, what is 101011 - 110011111010110010?
-110011111010000111
In base 2, what is 1010101100011110100111 + 100?
1010101100011110101011
In base 10, what is 4 - 634136?
-634132
In base 2, what is 100100101110001 + -101110001?
100100000000000
In base 7, what is -552 - 35401621?
-35402503
In base 15, what is 2c30594 + -1?
2c30593
In base 14, what is -4718bd4 - 5?
-4718bd9
In base 12, what is -b4317 + -385?
-b46a0
In base 3, what is 11010102111 + -202201?
11002122210
In base 3, what is 1 + -10202012022010000?
-10202012022002222
In base 15, what is -16606e3 + 0?
-16606e3
In base 7, what is 11436 - -5332?
20101
In base 13, what is 0 + 2aa463?
2aa463
In base 8, what is 154240365 + 0?
154240365
In base 13, what is 28770b6 - 1?
28770b5
In base 9, what is 10 + 20231731?
20231741
In base 2, what is -1 + -11010000101000111001?
-11010000101000111010
In base 8, what is -1317 + 21652?
20333
In base 9, what is 3 + 251017404?
251017407
In base 10, what is -58585 + -869?
-59454
In base 3, what is -2102201 + -2122112001?
-2201221202
In base 12, what is 120427 - 0?
120427
In base 6, what is 20 - -115431311?
115431331
In base 7, what is 2062533215 + -1?
2062533214
In base 13, what is 6b - c0c218?
-c0c17a
In base 5, what is -10414342000 - 4?
-10414342004
In base 11, what is -6560 + 19688?
13128
In base 16, what is -2 + -7f2ba3?
-7f2ba5
In base 6, what is 535200425 - 3?
535200422
In base 7, what is 4143